{"id":1712,"date":"2009-11-19T19:56:06","date_gmt":"2009-11-19T19:56:06","guid":{"rendered":"http:\/\/www.bv-guimaraes.org\/site\/?page_id=1712"},"modified":"2019-12-03T17:08:29","modified_gmt":"2019-12-03T17:08:29","slug":"viaturas-de-incendio","status":"publish","type":"page","link":"https:\/\/www.bv-guimaraes.org\/site\/operacional\/viaturas\/viaturas-de-incendio\/","title":{"rendered":"Ve\u00edculos de Combate a inc\u00eandios"},"content":{"rendered":"<p>&nbsp;<\/p>\n<p><span style=\"font-size: large;\">VUCI 01<\/span><br \/>\n<span style=\"font-size: small;\">Ve\u00edculo Urbano de Combate a Inc\u00eandios<\/span><\/p>\n<p><a href=\"http:\/\/www.bv-guimaraes.org\/site\/wp-content\/uploads\/VUCI-01-BVG1.jpg\" data-rel=\"lightbox-gallery-h5qpPrgz\" data-rl_title=\"\" data-rl_caption=\"\"><img loading=\"lazy\" decoding=\"async\" class=\"aligncenter wp-image-1850 size-full\" title=\"\" src=\"http:\/\/www.bv-guimaraes.org\/site\/wp-content\/uploads\/VUCI-01-BVG1.jpg\" alt=\"VUCI 01 - BVG\" width=\"600\" height=\"400\" srcset=\"https:\/\/www.bv-guimaraes.org\/site\/wp-content\/uploads\/VUCI-01-BVG1.jpg 600w, https:\/\/www.bv-guimaraes.org\/site\/wp-content\/uploads\/VUCI-01-BVG1-300x200.jpg 300w\" sizes=\"auto, (max-width: 600px) 100vw, 600px\" \/><\/a><\/p>\n<p>&nbsp;<\/p>\n<p><span style=\"font-size: large;\">VECI 01<\/span><br \/>\n<span style=\"font-size: small;\">Ve\u00edculo Especial de Combate a Inc\u00eandios<\/span><\/p>\n<p><span style=\"font-size: small;\"><a href=\"http:\/\/www.bv-guimaraes.org\/site\/wp-content\/uploads\/VECI-01-BVG.jpg\" data-rel=\"lightbox-gallery-h5qpPrgz\" data-rl_title=\"\" data-rl_caption=\"\"><img loading=\"lazy\" decoding=\"async\" class=\"aligncenter wp-image-1852 size-full\" title=\"\" src=\"http:\/\/www.bv-guimaraes.org\/site\/wp-content\/uploads\/VECI-01-BVG.jpg\" alt=\"VECI 01 -BVG\" width=\"600\" height=\"400\" srcset=\"https:\/\/www.bv-guimaraes.org\/site\/wp-content\/uploads\/VECI-01-BVG.jpg 600w, https:\/\/www.bv-guimaraes.org\/site\/wp-content\/uploads\/VECI-01-BVG-300x200.jpg 300w\" sizes=\"auto, (max-width: 600px) 100vw, 600px\" \/><\/a><\/span><\/p>\n<p><span style=\"font-size: large;\">VECI 02<\/span><br \/>\n<span style=\"font-size: small;\">Ve\u00edculo Especial de Combate a Inc\u00eandios<\/span><\/p>\n<p><span style=\"font-size: small;\"><a href=\"http:\/\/www.bv-guimaraes.org\/site\/wp-content\/uploads\/VECI-02-BVG.jpg\" data-rel=\"lightbox-gallery-h5qpPrgz\" data-rl_title=\"\" data-rl_caption=\"\"><img loading=\"lazy\" decoding=\"async\" class=\"aligncenter wp-image-1854 size-full\" title=\"\" src=\"http:\/\/www.bv-guimaraes.org\/site\/wp-content\/uploads\/VECI-02-BVG.jpg\" alt=\"VECI 02 - BVG\" width=\"600\" height=\"400\" srcset=\"https:\/\/www.bv-guimaraes.org\/site\/wp-content\/uploads\/VECI-02-BVG.jpg 600w, https:\/\/www.bv-guimaraes.org\/site\/wp-content\/uploads\/VECI-02-BVG-300x200.jpg 300w\" sizes=\"auto, (max-width: 600px) 100vw, 600px\" \/><\/a><\/span><\/p>\n<p><span style=\"font-size: large;\">VECI 03<\/span><br \/>\n<span style=\"font-size: small;\">Ve\u00edculo Especial de Combate a Inc\u00eandios<\/span><\/p>\n<p><a href=\"http:\/\/www.bv-guimaraes.org\/site\/wp-content\/uploads\/VECI-03-BVG.jpg\" data-rel=\"lightbox-gallery-h5qpPrgz\" data-rl_title=\"\" data-rl_caption=\"\"><img loading=\"lazy\" decoding=\"async\" class=\"aligncenter wp-image-1855 size-full\" title=\"\" src=\"http:\/\/www.bv-guimaraes.org\/site\/wp-content\/uploads\/VECI-03-BVG.jpg\" alt=\"VECI 03 - BVG\" width=\"600\" height=\"400\" srcset=\"https:\/\/www.bv-guimaraes.org\/site\/wp-content\/uploads\/VECI-03-BVG.jpg 600w, https:\/\/www.bv-guimaraes.org\/site\/wp-content\/uploads\/VECI-03-BVG-300x200.jpg 300w\" sizes=\"auto, (max-width: 600px) 100vw, 600px\" \/><\/a><\/p>\n<p><span style=\"font-size: large;\">VRCI 01<\/span><br \/>\n<span style=\"font-size: small;\">Ve\u00edculo Rural de Combate a Inc\u00eandios<\/span><\/p>\n<p><a href=\"http:\/\/www.bv-guimaraes.org\/site\/wp-content\/uploads\/VRCI-_-01.jpg\" data-rel=\"lightbox-gallery-h5qpPrgz\" data-rl_title=\"\" data-rl_caption=\"\" title=\"\"><img loading=\"lazy\" decoding=\"async\" class=\"wp-image-7388 aligncenter\" src=\"http:\/\/www.bv-guimaraes.org\/site\/wp-content\/uploads\/VRCI-_-01-1024x591.jpg\" alt=\"\" width=\"600\" height=\"346\" srcset=\"https:\/\/www.bv-guimaraes.org\/site\/wp-content\/uploads\/VRCI-_-01-1024x591.jpg 1024w, https:\/\/www.bv-guimaraes.org\/site\/wp-content\/uploads\/VRCI-_-01-300x173.jpg 300w, https:\/\/www.bv-guimaraes.org\/site\/wp-content\/uploads\/VRCI-_-01.jpg 1322w\" sizes=\"auto, (max-width: 600px) 100vw, 600px\" \/><\/a><\/p>\n<p><span style=\"font-size: large;\">VRCI 02<\/span><br \/>\n<span style=\"font-size: small;\">Ve\u00edculo Rural de Combate a Inc\u00eandios<\/span><\/p>\n<p><a href=\"http:\/\/www.bv-guimaraes.org\/site\/wp-content\/uploads\/VRCI-02-BVG.jpg\" data-rel=\"lightbox-gallery-h5qpPrgz\" data-rl_title=\"\" data-rl_caption=\"\"><img loading=\"lazy\" decoding=\"async\" class=\"aligncenter wp-image-1857 size-full\" title=\"\" src=\"http:\/\/www.bv-guimaraes.org\/site\/wp-content\/uploads\/VRCI-02-BVG.jpg\" alt=\"VRCI 02 - BVG\" width=\"600\" height=\"400\" srcset=\"https:\/\/www.bv-guimaraes.org\/site\/wp-content\/uploads\/VRCI-02-BVG.jpg 600w, https:\/\/www.bv-guimaraes.org\/site\/wp-content\/uploads\/VRCI-02-BVG-300x200.jpg 300w\" sizes=\"auto, (max-width: 600px) 100vw, 600px\" \/><\/a><\/p>\n<p>VFCI 05<\/p>\n<p>Ve\u00edculo Florestal de Combate a Inc\u00eandios<\/p>\n<p><img loading=\"lazy\" decoding=\"async\" class=\"size-large wp-image-8183 alignleft\" src=\"http:\/\/www.bv-guimaraes.org\/site\/wp-content\/uploads\/IMG_20190213_115519-1024x768.jpg\" alt=\"\" width=\"720\" height=\"540\" srcset=\"https:\/\/www.bv-guimaraes.org\/site\/wp-content\/uploads\/IMG_20190213_115519.jpg 1024w, https:\/\/www.bv-guimaraes.org\/site\/wp-content\/uploads\/IMG_20190213_115519-300x225.jpg 300w, https:\/\/www.bv-guimaraes.org\/site\/wp-content\/uploads\/IMG_20190213_115519-768x576.jpg 768w\" sizes=\"auto, (max-width: 720px) 100vw, 720px\" \/><\/p>\n<p>&nbsp;<\/p>\n<p><span style=\"font-size: large;\">VLCI 01<\/span><br \/>\n<span style=\"font-size: small;\">Ve\u00edculo Ligeiro de Combate a Inc\u00eandios<\/span><\/p>\n<p><a href=\"http:\/\/www.bv-guimaraes.org\/site\/wp-content\/uploads\/VLCI.01.jpg\" data-rel=\"lightbox-gallery-h5qpPrgz\" data-rl_title=\"\" data-rl_caption=\"\" title=\"\"><img loading=\"lazy\" decoding=\"async\" class=\"aligncenter wp-image-7354 \" src=\"http:\/\/www.bv-guimaraes.org\/site\/wp-content\/uploads\/VLCI.01.jpg\" alt=\"VLCI.01\" width=\"594\" height=\"333\" srcset=\"https:\/\/www.bv-guimaraes.org\/site\/wp-content\/uploads\/VLCI.01.jpg 640w, https:\/\/www.bv-guimaraes.org\/site\/wp-content\/uploads\/VLCI.01-300x168.jpg 300w\" sizes=\"auto, (max-width: 594px) 100vw, 594px\" \/><\/a><\/p>\n<p><span style=\"font-size: large;\">VLCI 04<\/span><br \/>\n<span style=\"font-size: small;\">Ve\u00edculo Ligeiro de Combate a Inc\u00eandios<\/span><\/p>\n<p><a href=\"http:\/\/www.bv-guimaraes.org\/site\/wp-content\/uploads\/VLCI-04-BVG.jpg\" data-rel=\"lightbox-gallery-h5qpPrgz\" data-rl_title=\"\" data-rl_caption=\"\" title=\"\"><img loading=\"lazy\" decoding=\"async\" class=\"aligncenter wp-image-1860 size-full\" src=\"http:\/\/www.bv-guimaraes.org\/site\/wp-content\/uploads\/VLCI-04-BVG.jpg\" alt=\"VLCI 04 - BVG\" width=\"600\" height=\"400\" srcset=\"https:\/\/www.bv-guimaraes.org\/site\/wp-content\/uploads\/VLCI-04-BVG.jpg 600w, https:\/\/www.bv-guimaraes.org\/site\/wp-content\/uploads\/VLCI-04-BVG-300x200.jpg 300w\" sizes=\"auto, (max-width: 600px) 100vw, 600px\" \/><\/a><\/p>\n<p style=\"text-align: center;\"><a href=\"http:\/\/www.bv-guimaraes.org\/site\/wp-content\/uploads\/brevemente1.jpg\" data-rel=\"lightbox-gallery-h5qpPrgz\" data-rl_title=\"\" data-rl_caption=\"\" title=\"\">&nbsp;<\/a><\/p>\n<p><span style=\"font-size: large;\">VLCI 06<\/span><br \/>\n<span style=\"font-size: small;\">Ve\u00edculo Ligeiro de Combate a Inc\u00eandios<\/span><\/p>\n<p><a href=\"http:\/\/www.bv-guimaraes.org\/site\/wp-content\/uploads\/VLCI-06.jpg\" data-rel=\"lightbox-gallery-h5qpPrgz\" data-rl_title=\"\" data-rl_caption=\"\"><img loading=\"lazy\" decoding=\"async\" class=\"aligncenter wp-image-1861 size-full\" title=\"\" src=\"http:\/\/www.bv-guimaraes.org\/site\/wp-content\/uploads\/VLCI-06.jpg\" alt=\"VLCI 06\" width=\"600\" height=\"400\" srcset=\"https:\/\/www.bv-guimaraes.org\/site\/wp-content\/uploads\/VLCI-06.jpg 600w, https:\/\/www.bv-guimaraes.org\/site\/wp-content\/uploads\/VLCI-06-300x200.jpg 300w\" sizes=\"auto, (max-width: 600px) 100vw, 600px\" \/><\/a><\/p>\n","protected":false},"excerpt":{"rendered":"<p>&nbsp; VUCI 01 Ve\u00edculo Urbano de Combate a Inc\u00eandios &nbsp; VECI 01 Ve\u00edculo Especial de Combate a Inc\u00eandios VECI 02 Ve\u00edculo Especial de Combate a Inc\u00eandios VECI 03 Ve\u00edculo Especial de Combate a Inc\u00eandios VRCI 01 Ve\u00edculo Rural de Combate<\/p>\n","protected":false},"author":5,"featured_media":0,"parent":1673,"menu_order":0,"comment_status":"closed","ping_status":"closed","template":"","meta":{"ngg_post_thumbnail":0,"footnotes":""},"class_list":["post-1712","page","type-page","status-publish","hentry"],"_links":{"self":[{"href":"https:\/\/www.bv-guimaraes.org\/site\/wp-json\/wp\/v2\/pages\/1712","targetHints":{"allow":["GET"]}}],"collection":[{"href":"https:\/\/www.bv-guimaraes.org\/site\/wp-json\/wp\/v2\/pages"}],"about":[{"href":"https:\/\/www.bv-guimaraes.org\/site\/wp-json\/wp\/v2\/types\/page"}],"author":[{"embeddable":true,"href":"https:\/\/www.bv-guimaraes.org\/site\/wp-json\/wp\/v2\/users\/5"}],"replies":[{"embeddable":true,"href":"https:\/\/www.bv-guimaraes.org\/site\/wp-json\/wp\/v2\/comments?post=1712"}],"version-history":[{"count":55,"href":"https:\/\/www.bv-guimaraes.org\/site\/wp-json\/wp\/v2\/pages\/1712\/revisions"}],"predecessor-version":[{"id":8279,"href":"https:\/\/www.bv-guimaraes.org\/site\/wp-json\/wp\/v2\/pages\/1712\/revisions\/8279"}],"up":[{"embeddable":true,"href":"https:\/\/www.bv-guimaraes.org\/site\/wp-json\/wp\/v2\/pages\/1673"}],"wp:attachment":[{"href":"https:\/\/www.bv-guimaraes.org\/site\/wp-json\/wp\/v2\/media?parent=1712"}],"curies":[{"name":"wp","href":"https:\/\/api.w.org\/{rel}","templated":true}]}}