{"id":1889,"date":"2009-11-21T20:26:35","date_gmt":"2009-11-21T20:26:35","guid":{"rendered":"http:\/\/www.bv-guimaraes.org\/site\/?page_id=1889"},"modified":"2019-12-03T17:11:25","modified_gmt":"2019-12-03T17:11:25","slug":"saiba-como-agir","status":"publish","type":"page","link":"https:\/\/www.bv-guimaraes.org\/site\/saiba-como-agir\/","title":{"rendered":"Saiba como Agir"},"content":{"rendered":"<p style=\"text-align: left;\"><a href=\"http:\/\/www.bv-guimaraes.org\/site\/wp-content\/uploads\/cats.jpg\" data-rel=\"lightbox-gallery-tVoaE6g9\" data-rl_title=\"\" data-rl_caption=\"\"><img loading=\"lazy\" decoding=\"async\" class=\"aligncenter size-full wp-image-1900\" title=\"\" src=\"http:\/\/www.bv-guimaraes.org\/site\/wp-content\/uploads\/cats.jpg\" alt=\"cats\" width=\"600\" height=\"300\" srcset=\"https:\/\/www.bv-guimaraes.org\/site\/wp-content\/uploads\/cats.jpg 600w, https:\/\/www.bv-guimaraes.org\/site\/wp-content\/uploads\/cats-300x150.jpg 300w\" sizes=\"auto, (max-width: 600px) 100vw, 600px\" \/><\/a><\/p>\n<p style=\"text-align: center;\"><strong>O N\u00famero Nacional de Emerg\u00eancia 112<\/strong><\/p>\n<p style=\"text-align: justify;\">Em qualquer caso de emerg\u00eancia, de Norte a Sul do Pa\u00eds, o n\u00famero 112 pode ser ligado atrav\u00e9s dos telefones das redes fixa e m\u00f3vel. A chamada \u00e9 gratuita e \u00e9 atendida de imediato pelos centros de emerg\u00eancia que accionam os sistemas m\u00e9dico, policial e de inc\u00eandio, consoante a situa\u00e7\u00e3o verificada.<\/p>\n<p style=\"text-align: justify;\"><strong>Como utilizar:<\/strong><\/p>\n<p style=\"text-align: justify;\">O N\u00famero de Emerg\u00eancia 112 deve ser utilizado nos seguintes casos:<\/p>\n<p style=\"text-align: justify;\"><strong>&#8211; Acidente de via\u00e7\u00e3o:<\/strong> todos os casos relacionados com ve\u00edculos, quer se refiram a pe\u00f5es atropelados, quer a indiv\u00edduos transportados nas viaturas sinistradas.<br \/>\n<strong>&#8211; Acidentes no trabalho:<\/strong> os variados casos de sinistro individual ou colectivo ocorridos nos locais de trabalho (f\u00e1bricas, oficinas, obras, escrit\u00f3rios, armaz\u00e9ns, etc.).<br \/>\n<strong>&#8211; Acidentes no desporto:<\/strong> os sinistrados resultantes da pr\u00e1tica das diversas actividades desportivas, tanto de competi\u00e7\u00e3o como de recreio.<br \/>\n<strong>&#8211; Quedas:<\/strong> quando as suas consequ\u00eancias exijam transporte em ambul\u00e2ncia.<br \/>\n<strong>&#8211; Doen\u00e7a s\u00fabita:<\/strong> os casos dos indiv\u00edduos acometidos de doen\u00e7a que aparente exigir interven\u00e7\u00e3o hospitalar (dor no peito, falta de ar, perda de conhecimento e outras situa\u00e7\u00f5es de perigo de vida).<br \/>\n<strong>&#8211; Agress\u00e3o:<\/strong> os casos de indiv\u00edduos feridos por agress\u00e3o que exijam tratamento hospitalar.<br \/>\n<strong>&#8211; Intoxica\u00e7\u00f5es:<\/strong> os casos de envenenamento, acidental ou n\u00e3o, fugas de g\u00e1s, etc.<br \/>\n<strong>&#8211; Afogamento:<\/strong> todos os casos em que o acidente resultou de submers\u00e3o.<br \/>\n<strong>&#8211; Alcoolismo:<\/strong> todos os casos em que, por virtude de intoxica\u00e7\u00e3o alco\u00f3lica aguda, esteja em perigo a vida do indiv\u00edduo.<br \/>\n<strong>&#8211; Partos s\u00fabitos: <\/strong>os casos de parto iminente.<\/p>\n<p style=\"text-align: justify;\">As Centrais de Emerg\u00eancia activam os meios de socorro adequados de acordo com a sua informa\u00e7\u00e3o.<\/p>\n<p style=\"text-align: justify;\"><strong>Antes de ligar 112, informe-se sobre os pormenores que a Central tem necessidade de conhecer:<\/strong><\/p>\n<p style=\"text-align: justify;\"><strong>&#8211; ONDE<\/strong> (local exacto da ocorr\u00eancia): rua, n.\u00ba da porta, estrada (sentido ascendente ou descendente), pontos de refer\u00eancia.<br \/>\n<strong>&#8211; O QU\u00ca<\/strong> (tipo de ocorr\u00eancia: acidente, parto, doen\u00e7a s\u00fabita, intoxica\u00e7\u00e3o, etc.).<br \/>\n<strong>&#8211; QUEM<\/strong> (V\u00edtima\/doente, n\u00famero de v\u00edtimas, queixas).<\/p>\n<p style=\"text-align: justify;\">&nbsp;A efic\u00e1cia do socorro depende da sua colabora\u00e7\u00e3o.<\/p>\n<p style=\"text-align: justify;\"><strong>Em caso de acidente, tente saber e comunique:<\/strong><\/p>\n<p style=\"text-align: justify;\"><strong>&#8211; Tipo de acidente<\/strong> (atropelamento, acidente de via\u00e7\u00e3o \u2013 moto, ligeiro, pesado \u2013 queda, etc.).<br \/>\n<strong>&#8211; Quem?<\/strong> (n\u00famero de v\u00edtimas, estado das v\u00edtimas \u2013 consciente, inconsciente, hemorragias, etc.).<br \/>\n<strong>&#8211; Complica\u00e7\u00f5es<\/strong> (queda num rio, encarcerado num carro, etc.).<br \/>\n<strong>&#8211; Riscos associados<\/strong> (inc\u00eandio, derramamento de subst\u00e2ncias perigosas, etc.).<\/p>\n<p style=\"text-align: justify;\"><strong>Em caso de parto, tente saber e comunique:<\/strong><\/p>\n<p style=\"text-align: justify;\">&#8211; Tempo de gravidez.<br \/>\n&#8211; Se est\u00e1 ou n\u00e3o com contrac\u00e7\u00f5es (de quantos em quantos minutos).<br \/>\n&#8211; Se teve algum problema durante a gravidez.<br \/>\n&#8211; Quantos filhos teve?<\/p>\n<p style=\"text-align: justify;\"><strong>&nbsp;Em caso de doen\u00e7a s\u00fabita, tente saber e comunique<\/strong>:<\/p>\n<p style=\"text-align: justify;\">&#8211; Queixa principal.<br \/>\n&#8211; H\u00e1 quanto tempo se iniciou.<br \/>\n&#8211; \u00c9 a primeira vez?<br \/>\n&#8211; Doen\u00e7as conhecidas.<\/p>\n<p style=\"text-align: justify;\"><strong>A sua colabora\u00e7\u00e3o \u00e9 fundamental sempre que se encontre em risco a vida humana. Preste aten\u00e7\u00e3o \u00e0s perguntas efectuadas, responda com calma e siga as instru\u00e7\u00f5es indicadas.<\/strong><\/p>\n","protected":false},"excerpt":{"rendered":"<p>O N\u00famero Nacional de Emerg\u00eancia 112 Em qualquer caso de emerg\u00eancia, de Norte a Sul do Pa\u00eds, o n\u00famero 112 pode ser ligado atrav\u00e9s dos telefones das redes fixa e m\u00f3vel. A chamada \u00e9 gratuita e \u00e9 atendida de imediato<\/p>\n","protected":false},"author":5,"featured_media":0,"parent":0,"menu_order":5,"comment_status":"closed","ping_status":"closed","template":"","meta":{"ngg_post_thumbnail":0,"footnotes":""},"class_list":["post-1889","page","type-page","status-publish","hentry"],"_links":{"self":[{"href":"https:\/\/www.bv-guimaraes.org\/site\/wp-json\/wp\/v2\/pages\/1889","targetHints":{"allow":["GET"]}}],"collection":[{"href":"https:\/\/www.bv-guimaraes.org\/site\/wp-json\/wp\/v2\/pages"}],"about":[{"href":"https:\/\/www.bv-guimaraes.org\/site\/wp-json\/wp\/v2\/types\/page"}],"author":[{"embeddable":true,"href":"https:\/\/www.bv-guimaraes.org\/site\/wp-json\/wp\/v2\/users\/5"}],"replies":[{"embeddable":true,"href":"https:\/\/www.bv-guimaraes.org\/site\/wp-json\/wp\/v2\/comments?post=1889"}],"version-history":[{"count":14,"href":"https:\/\/www.bv-guimaraes.org\/site\/wp-json\/wp\/v2\/pages\/1889\/revisions"}],"predecessor-version":[{"id":8293,"href":"https:\/\/www.bv-guimaraes.org\/site\/wp-json\/wp\/v2\/pages\/1889\/revisions\/8293"}],"wp:attachment":[{"href":"https:\/\/www.bv-guimaraes.org\/site\/wp-json\/wp\/v2\/media?parent=1889"}],"curies":[{"name":"wp","href":"https:\/\/api.w.org\/{rel}","templated":true}]}}