{"id":7380,"date":"2016-08-04T08:11:58","date_gmt":"2016-08-04T08:11:58","guid":{"rendered":"http:\/\/www.bv-guimaraes.org\/site\/?page_id=7380"},"modified":"2019-12-03T17:08:57","modified_gmt":"2019-12-03T17:08:57","slug":"veiculos-motorizados-especificos","status":"publish","type":"page","link":"https:\/\/www.bv-guimaraes.org\/site\/operacional\/viaturas\/veiculos-motorizados-especificos\/","title":{"rendered":"Ve\u00edculos Motorizados Espec\u00edficos"},"content":{"rendered":"<p><span style=\"font-size: large;\">VOPE 01<\/span><br \/>\n<span style=\"font-size: small;\">Ve\u00edculo para opera\u00e7\u00f5es espec\u00edficas<\/span><\/p>\n<p><a href=\"http:\/\/www.bv-guimaraes.org\/site\/wp-content\/uploads\/WP_20160804_08_39_13_Pro.jpg\" data-rel=\"lightbox-gallery-QENYfkZf\" data-rl_title=\"\" data-rl_caption=\"\" title=\"\"><img loading=\"lazy\" decoding=\"async\" class=\"wp-image-7381 aligncenter\" src=\"http:\/\/www.bv-guimaraes.org\/site\/wp-content\/uploads\/WP_20160804_08_39_13_Pro-1024x574.jpg\" alt=\"VOPE 01\" width=\"600\" height=\"337\" srcset=\"https:\/\/www.bv-guimaraes.org\/site\/wp-content\/uploads\/WP_20160804_08_39_13_Pro.jpg 1024w, https:\/\/www.bv-guimaraes.org\/site\/wp-content\/uploads\/WP_20160804_08_39_13_Pro-300x168.jpg 300w\" sizes=\"auto, (max-width: 600px) 100vw, 600px\" \/><\/a><\/p>\n<p>&nbsp;<\/p>\n<p>&nbsp;<\/p>\n<p><span style=\"font-size: large;\">VOPE 02<\/span><br \/>\n<span style=\"font-size: small;\">Ve\u00edculo para opera\u00e7\u00f5es espec\u00edficas<\/span><\/p>\n<p><a href=\"http:\/\/www.bv-guimaraes.org\/site\/wp-content\/uploads\/WP_20160804_08_50_51_Pro.jpg\" data-rel=\"lightbox-gallery-QENYfkZf\" data-rl_title=\"\" data-rl_caption=\"\" title=\"\"><img loading=\"lazy\" decoding=\"async\" class=\"wp-image-7383 aligncenter\" src=\"http:\/\/www.bv-guimaraes.org\/site\/wp-content\/uploads\/WP_20160804_08_50_51_Pro-1024x574.jpg\" alt=\"VOPE-02\" width=\"620\" height=\"348\" srcset=\"https:\/\/www.bv-guimaraes.org\/site\/wp-content\/uploads\/WP_20160804_08_50_51_Pro.jpg 1024w, https:\/\/www.bv-guimaraes.org\/site\/wp-content\/uploads\/WP_20160804_08_50_51_Pro-300x168.jpg 300w\" sizes=\"auto, (max-width: 620px) 100vw, 620px\" \/><\/a><\/p>\n<p>&nbsp;<\/p>\n","protected":false},"excerpt":{"rendered":"<p>VOPE 01 Ve\u00edculo para opera\u00e7\u00f5es espec\u00edficas &nbsp; &nbsp; VOPE 02 Ve\u00edculo para opera\u00e7\u00f5es espec\u00edficas &nbsp;<\/p>\n","protected":false},"author":25,"featured_media":0,"parent":1673,"menu_order":6,"comment_status":"closed","ping_status":"closed","template":"","meta":{"ngg_post_thumbnail":0,"footnotes":""},"class_list":["post-7380","page","type-page","status-publish","hentry"],"_links":{"self":[{"href":"https:\/\/www.bv-guimaraes.org\/site\/wp-json\/wp\/v2\/pages\/7380","targetHints":{"allow":["GET"]}}],"collection":[{"href":"https:\/\/www.bv-guimaraes.org\/site\/wp-json\/wp\/v2\/pages"}],"about":[{"href":"https:\/\/www.bv-guimaraes.org\/site\/wp-json\/wp\/v2\/types\/page"}],"author":[{"embeddable":true,"href":"https:\/\/www.bv-guimaraes.org\/site\/wp-json\/wp\/v2\/users\/25"}],"replies":[{"embeddable":true,"href":"https:\/\/www.bv-guimaraes.org\/site\/wp-json\/wp\/v2\/comments?post=7380"}],"version-history":[{"count":2,"href":"https:\/\/www.bv-guimaraes.org\/site\/wp-json\/wp\/v2\/pages\/7380\/revisions"}],"predecessor-version":[{"id":8284,"href":"https:\/\/www.bv-guimaraes.org\/site\/wp-json\/wp\/v2\/pages\/7380\/revisions\/8284"}],"up":[{"embeddable":true,"href":"https:\/\/www.bv-guimaraes.org\/site\/wp-json\/wp\/v2\/pages\/1673"}],"wp:attachment":[{"href":"https:\/\/www.bv-guimaraes.org\/site\/wp-json\/wp\/v2\/media?parent=7380"}],"curies":[{"name":"wp","href":"https:\/\/api.w.org\/{rel}","templated":true}]}}