{"id":893,"date":"2009-05-14T17:57:14","date_gmt":"2009-05-14T17:57:14","guid":{"rendered":"http:\/\/www.bv-guimaraes.org\/site\/?page_id=893"},"modified":"2019-12-03T17:11:10","modified_gmt":"2019-12-03T17:11:10","slug":"simulacro-aniversario-132","status":"publish","type":"page","link":"https:\/\/www.bv-guimaraes.org\/site\/multimedia\/galeria-de-videos\/simulacro-aniversario-132\/","title":{"rendered":"Simulacro no 132\u00ba anivers\u00e1rio"},"content":{"rendered":"<p style=\"text-align: center;\"><object data=\"http:\/\/www.youtube.com\/v\/RWW8QA4MzpI&amp;hl=pt-br&amp;fs=1\" type=\"application\/x-shockwave-flash\" width=\"425\" height=\"344\"><param name=\"allowFullScreen\" value=\"true\"\/><param name=\"allowscriptaccess\" value=\"always\"\/><param name=\"src\" value=\"http:\/\/www.youtube.com\/v\/RWW8QA4MzpI&amp;hl=pt-br&amp;fs=1\"\/><param name=\"allowfullscreen\" value=\"true\"\/><\/object><\/p>\n<p style=\"text-align: center;\">Simulacro realizado nas comemora\u00e7\u00f5es do 132\u00ba anivers\u00e1rio dos Bombeiros Voluntarios de Guimar\u00e3es<\/p>\n<p style=\"text-align: center;\">Mais videos:<a href=\"http:\/\/www.bv-guimaraes.org\/site\/multimedia\/galeria-de-videos\/vida-por-vida\/\">Vida por Vida<\/a> <a title=\"Viatura Inem\" href=\"http:\/\/www.bv-guimaraes.org\/site\/multimedia\/galeria-de-videos\/viatura-inem\/\">Viatura INEM<\/a> <a title=\"130 Anos de Historia\" href=\"http:\/\/www.bv-guimaraes.org\/site\/multimedia\/galeria-de-videos\/historia\/\">130 Anos de Hist\u00f3ria<\/a><\/p>\n","protected":false},"excerpt":{"rendered":"<p>Simulacro realizado nas comemora\u00e7\u00f5es do 132\u00ba anivers\u00e1rio dos Bombeiros Voluntarios de Guimar\u00e3es Mais videos:Vida por Vida Viatura INEM 130 Anos de Hist\u00f3ria<\/p>\n","protected":false},"author":4,"featured_media":0,"parent":44,"menu_order":0,"comment_status":"closed","ping_status":"closed","template":"","meta":{"ngg_post_thumbnail":0,"footnotes":""},"class_list":["post-893","page","type-page","status-publish","hentry"],"_links":{"self":[{"href":"https:\/\/www.bv-guimaraes.org\/site\/wp-json\/wp\/v2\/pages\/893","targetHints":{"allow":["GET"]}}],"collection":[{"href":"https:\/\/www.bv-guimaraes.org\/site\/wp-json\/wp\/v2\/pages"}],"about":[{"href":"https:\/\/www.bv-guimaraes.org\/site\/wp-json\/wp\/v2\/types\/page"}],"author":[{"embeddable":true,"href":"https:\/\/www.bv-guimaraes.org\/site\/wp-json\/wp\/v2\/users\/4"}],"replies":[{"embeddable":true,"href":"https:\/\/www.bv-guimaraes.org\/site\/wp-json\/wp\/v2\/comments?post=893"}],"version-history":[{"count":19,"href":"https:\/\/www.bv-guimaraes.org\/site\/wp-json\/wp\/v2\/pages\/893\/revisions"}],"predecessor-version":[{"id":8290,"href":"https:\/\/www.bv-guimaraes.org\/site\/wp-json\/wp\/v2\/pages\/893\/revisions\/8290"}],"up":[{"embeddable":true,"href":"https:\/\/www.bv-guimaraes.org\/site\/wp-json\/wp\/v2\/pages\/44"}],"wp:attachment":[{"href":"https:\/\/www.bv-guimaraes.org\/site\/wp-json\/wp\/v2\/media?parent=893"}],"curies":[{"name":"wp","href":"https:\/\/api.w.org\/{rel}","templated":true}]}}